{"id":850,"date":"2018-12-12T13:53:03","date_gmt":"2018-12-12T13:53:03","guid":{"rendered":"https:\/\/wilmer.qodeinteractive.com\/elementor\/?page_id=850"},"modified":"2024-06-06T22:23:09","modified_gmt":"2024-06-06T22:23:09","slug":"servicios","status":"publish","type":"page","link":"https:\/\/makitec.cl\/index.php\/servicios\/","title":{"rendered":"Servicios"},"content":{"rendered":"\t\t<div data-elementor-type=\"wp-page\" data-elementor-id=\"850\" class=\"elementor elementor-850\">\n\t\t\t\t\t\t<section class=\"elementor-section elementor-top-section elementor-element elementor-element-f98ee2d elementor-section-full_width elementor-section-height-default elementor-section-height-default mkdf-parallax-row-no mkdf-content-aligment-left mkdf-elementor-row-grid-no mkdf-disabled-bg-image-bellow-no mkdf-row-btt-light\" data-id=\"f98ee2d\" data-element_type=\"section\" data-settings=\"{&quot;background_background&quot;:&quot;classic&quot;}\">\n\t\t\t\t\t\t\t<div class=\"elementor-background-overlay\"><\/div>\n\t\t\t\t\t\t\t<div class=\"elementor-container elementor-column-gap-default\">\n\t\t\t\t\t<div class=\"elementor-column elementor-col-100 elementor-top-column elementor-element elementor-element-26f4869 elementor-hidden-desktop elementor-hidden-tablet elementor-hidden-mobile\" data-id=\"26f4869\" data-element_type=\"column\">\n\t\t\t<div class=\"elementor-widget-wrap\">\n\t\t\t\t\t\t\t<\/div>\n\t\t<\/div>\n\t\t\t\t\t<\/div>\n\t\t<\/section>\n\t\t<div class=\"mkdf-elementor-row\" style=\"\">\t\t<section class=\"elementor-section elementor-top-section elementor-element elementor-element-91fcd00 elementor-section-full_width elementor-section-height-default elementor-section-height-default mkdf-parallax-row-no mkdf-content-aligment-left mkdf-elementor-row-grid-no mkdf-disabled-bg-image-bellow-no mkdf-row-btt-light\" data-id=\"91fcd00\" data-element_type=\"section\" data-settings=\"{&quot;background_background&quot;:&quot;classic&quot;}\">\n\t\t\t\t\t\t\t<div class=\"elementor-background-overlay\"><\/div>\n\t\t\t\t\t\t\t<div class=\"elementor-container elementor-column-gap-default\">\n\t\t\t\t\t<div class=\"elementor-column elementor-col-100 elementor-top-column elementor-element elementor-element-6fedfe2\" data-id=\"6fedfe2\" data-element_type=\"column\">\n\t\t\t<div class=\"elementor-widget-wrap elementor-element-populated\">\n\t\t\t\t\t\t<section class=\"elementor-section elementor-inner-section elementor-element elementor-element-d45413a elementor-section-boxed elementor-section-height-default elementor-section-height-default mkdf-parallax-row-no mkdf-content-aligment-left mkdf-elementor-row-grid-no mkdf-disabled-bg-image-bellow-no mkdf-row-btt-light\" data-id=\"d45413a\" data-element_type=\"section\">\n\t\t\t\t\t\t<div class=\"elementor-container elementor-column-gap-default\">\n\t\t\t\t\t<div class=\"elementor-column elementor-col-100 elementor-inner-column elementor-element elementor-element-a2a2b0c\" data-id=\"a2a2b0c\" data-element_type=\"column\">\n\t\t\t<div class=\"elementor-widget-wrap elementor-element-populated\">\n\t\t\t\t\t\t<div class=\"elementor-element elementor-element-37543a0 elementor-widget__width-initial elementor-widget elementor-widget-text-editor\" data-id=\"37543a0\" data-element_type=\"widget\" data-widget_type=\"text-editor.default\">\n\t\t\t\t<div class=\"elementor-widget-container\">\n\t\t\t<style>\/*! elementor - v3.19.0 - 07-02-2024 *\/\n.elementor-widget-text-editor.elementor-drop-cap-view-stacked .elementor-drop-cap{background-color:#69727d;color:#fff}.elementor-widget-text-editor.elementor-drop-cap-view-framed .elementor-drop-cap{color:#69727d;border:3px solid;background-color:transparent}.elementor-widget-text-editor:not(.elementor-drop-cap-view-default) .elementor-drop-cap{margin-top:8px}.elementor-widget-text-editor:not(.elementor-drop-cap-view-default) .elementor-drop-cap-letter{width:1em;height:1em}.elementor-widget-text-editor .elementor-drop-cap{float:left;text-align:center;line-height:1;font-size:50px}.elementor-widget-text-editor .elementor-drop-cap-letter{display:inline-block}<\/style>\t\t\t\t<h1>Servicio T\u00e9cnico<\/h1>\t\t\t\t\t\t<\/div>\n\t\t\t\t<\/div>\n\t\t\t\t<div class=\"elementor-element elementor-element-7d38681 elementor-widget elementor-widget-text-editor\" data-id=\"7d38681\" data-element_type=\"widget\" data-widget_type=\"text-editor.default\">\n\t\t\t\t<div class=\"elementor-widget-container\">\n\t\t\t\t\t\t\t<p>Mantenimiento y reparaci\u00f3n de equipos de alta calidad<\/p>\t\t\t\t\t\t<\/div>\n\t\t\t\t<\/div>\n\t\t\t\t\t<\/div>\n\t\t<\/div>\n\t\t\t\t\t<\/div>\n\t\t<\/section>\n\t\t\t\t\t<\/div>\n\t\t<\/div>\n\t\t\t\t\t<\/div>\n\t\t<\/section>\n\t\t<div class=\"mkdf-row-background-text-holder mkdf-row-background-text-back\"><div class=\"mkdf-row-background-text-wrapper mkdf-row-background-text-animation\"><div class=\"mkdf-row-background-text-wrapper-inner\" style=\"font-size:180px;vertical-align:top;padding-top:87px;padding-left:209px\" data-font-size-1440=145px data-font-size-1280=145px data-padding-size-1440=27px data-padding-size-1280=17px data-padding-left-size-1440=52px data-padding-left-size-1280=63px><div class=\"mkdf-row-background-text-1\">Makitec<\/div><\/div><\/div><\/div><\/div>\t\t<section class=\"elementor-section elementor-top-section elementor-element elementor-element-42eb537 elementor-section-full_width elementor-section-height-default elementor-section-height-default mkdf-parallax-row-no mkdf-content-aligment-left mkdf-elementor-row-grid-no mkdf-disabled-bg-image-bellow-no mkdf-row-btt-light\" data-id=\"42eb537\" data-element_type=\"section\" data-settings=\"{&quot;background_background&quot;:&quot;classic&quot;}\">\n\t\t\t\t\t\t\t<div class=\"elementor-background-overlay\"><\/div>\n\t\t\t\t\t\t\t<div class=\"elementor-container elementor-column-gap-default\">\n\t\t\t\t\t<div class=\"elementor-column elementor-col-100 elementor-top-column elementor-element elementor-element-cc86826\" data-id=\"cc86826\" data-element_type=\"column\" data-settings=\"{&quot;background_background&quot;:&quot;classic&quot;}\">\n\t\t\t<div class=\"elementor-widget-wrap elementor-element-populated\">\n\t\t\t\t\t\t<div class=\"elementor-element elementor-element-afa9263 elementor-widget elementor-widget-mkdf_section_title\" data-id=\"afa9263\" data-element_type=\"widget\" data-widget_type=\"mkdf_section_title.default\">\n\t\t\t\t<div class=\"elementor-widget-container\">\n\t\t\t<div class=\"mkdf-section-title-holder  mkdf-st-standard   \" >\n\t<div class=\"mkdf-st-inner\">\n                    <h6 class=\"mkdf-st-intro-title\" >\n                Explora el Servicio t\u00e9cnico de Makitec            <\/h6>\n        \t\t\t\t\t<h2 class=\"mkdf-st-title\" >\n\t\t\t\t\u00bfQue Ofrecemos?\t\t\t<\/h2>\n\t\t\t\t\t<\/div>\n<\/div>\t\t<\/div>\n\t\t\t\t<\/div>\n\t\t\t\t\t<\/div>\n\t\t<\/div>\n\t\t\t\t\t<\/div>\n\t\t<\/section>\n\t\t\t\t<section class=\"elementor-section elementor-top-section elementor-element elementor-element-2960d1c elementor-section-full_width elementor-section-height-default elementor-section-height-default mkdf-parallax-row-no mkdf-content-aligment-left mkdf-elementor-row-grid-no mkdf-disabled-bg-image-bellow-no mkdf-row-btt-light\" data-id=\"2960d1c\" data-element_type=\"section\" data-settings=\"{&quot;background_background&quot;:&quot;classic&quot;}\">\n\t\t\t\t\t\t<div class=\"elementor-container elementor-column-gap-default\">\n\t\t\t\t\t<div class=\"elementor-column elementor-col-100 elementor-top-column elementor-element elementor-element-3ae83ee\" data-id=\"3ae83ee\" data-element_type=\"column\" data-settings=\"{&quot;background_background&quot;:&quot;classic&quot;}\">\n\t\t\t<div class=\"elementor-widget-wrap\">\n\t\t\t\t\t\t\t<\/div>\n\t\t<\/div>\n\t\t\t\t\t<\/div>\n\t\t<\/section>\n\t\t\t\t<section class=\"elementor-section elementor-top-section elementor-element elementor-element-708193e elementor-section-full_width elementor-section-height-default elementor-section-height-default mkdf-parallax-row-no mkdf-content-aligment-left mkdf-elementor-row-grid-no mkdf-disabled-bg-image-bellow-no mkdf-row-btt-light\" data-id=\"708193e\" data-element_type=\"section\" data-settings=\"{&quot;background_background&quot;:&quot;classic&quot;}\">\n\t\t\t\t\t\t<div class=\"elementor-container elementor-column-gap-default\">\n\t\t\t\t\t<div class=\"elementor-column elementor-col-33 elementor-top-column elementor-element elementor-element-e9d030f\" data-id=\"e9d030f\" data-element_type=\"column\" data-settings=\"{&quot;background_background&quot;:&quot;classic&quot;}\">\n\t\t\t<div class=\"elementor-widget-wrap elementor-element-populated\">\n\t\t\t\t\t\t<div class=\"elementor-element elementor-element-9d668da elementor-widget elementor-widget-mkdf_icon_with_text\" data-id=\"9d668da\" data-element_type=\"widget\" data-widget_type=\"mkdf_icon_with_text.default\">\n\t\t\t\t<div class=\"elementor-widget-container\">\n\t\t\t<div class=\"mkdf-iwt clearfix  mkdf-iwt-icon-top-centered  mkdf-iwt-icon-medium\" >\n\t<div class=\"mkdf-iwt-icon\">\n\t\t\t\t\t\t\t\t\t<img fetchpriority=\"high\" decoding=\"async\" width=\"1024\" height=\"1024\" src=\"https:\/\/makitec.cl\/wp-content\/uploads\/2024\/06\/file-2.png\" class=\"attachment-full size-full\" alt=\"\" srcset=\"https:\/\/makitec.cl\/wp-content\/uploads\/2024\/06\/file-2.png 1024w, https:\/\/makitec.cl\/wp-content\/uploads\/2024\/06\/file-2-300x300.png 300w, https:\/\/makitec.cl\/wp-content\/uploads\/2024\/06\/file-2-150x150.png 150w, https:\/\/makitec.cl\/wp-content\/uploads\/2024\/06\/file-2-768x768.png 768w, https:\/\/makitec.cl\/wp-content\/uploads\/2024\/06\/file-2-650x650.png 650w, https:\/\/makitec.cl\/wp-content\/uploads\/2024\/06\/file-2-600x600.png 600w, https:\/\/makitec.cl\/wp-content\/uploads\/2024\/06\/file-2-100x100.png 100w\" sizes=\"(max-width: 1024px) 100vw, 1024px\" \/>                \t\t\t<\/div>\n\t<div class=\"mkdf-iwt-content\" style=\"padding-top: px\">\n        \t\t\t\t\t<h4 class=\"mkdf-iwt-title\" style=\"margin-top: -3px\">\n\t\t\t\t\t\t\t\t<span class=\"mkdf-iwt-title-text\">Diagn\u00f3stico y Soluci\u00f3n<\/span>\n\t\t\t\t\t\t\t<\/h4>\n\t\t\t\t\t\t\t<p class=\"mkdf-iwt-text\" style=\"margin-top: 13px\">dentificaci\u00f3n y resoluci\u00f3n r\u00e1pida de problemas en sus equipos con nuestros servicios de diagn\u00f3stico t\u00e9cnico. Mantenga sus operaciones sin interrupciones con Makitec.<\/p>\n\t\t\t<\/div>\n<\/div>\t\t<\/div>\n\t\t\t\t<\/div>\n\t\t\t\t\t<\/div>\n\t\t<\/div>\n\t\t\t\t<div class=\"elementor-column elementor-col-33 elementor-top-column elementor-element elementor-element-43f99c9\" data-id=\"43f99c9\" data-element_type=\"column\" data-settings=\"{&quot;background_background&quot;:&quot;classic&quot;}\">\n\t\t\t<div class=\"elementor-widget-wrap elementor-element-populated\">\n\t\t\t\t\t\t<div class=\"elementor-element elementor-element-17700cb elementor-widget elementor-widget-mkdf_icon_with_text\" data-id=\"17700cb\" data-element_type=\"widget\" data-widget_type=\"mkdf_icon_with_text.default\">\n\t\t\t\t<div class=\"elementor-widget-container\">\n\t\t\t<div class=\"mkdf-iwt clearfix  mkdf-iwt-icon-top-centered  mkdf-iwt-icon-medium\" >\n\t<div class=\"mkdf-iwt-icon\">\n\t\t\t\t\t\t\t\t\t<img decoding=\"async\" width=\"1024\" height=\"1024\" src=\"https:\/\/makitec.cl\/wp-content\/uploads\/2024\/06\/file-1.png\" class=\"attachment-full size-full\" alt=\"\" srcset=\"https:\/\/makitec.cl\/wp-content\/uploads\/2024\/06\/file-1.png 1024w, https:\/\/makitec.cl\/wp-content\/uploads\/2024\/06\/file-1-300x300.png 300w, https:\/\/makitec.cl\/wp-content\/uploads\/2024\/06\/file-1-150x150.png 150w, https:\/\/makitec.cl\/wp-content\/uploads\/2024\/06\/file-1-768x768.png 768w, https:\/\/makitec.cl\/wp-content\/uploads\/2024\/06\/file-1-650x650.png 650w, https:\/\/makitec.cl\/wp-content\/uploads\/2024\/06\/file-1-600x600.png 600w, https:\/\/makitec.cl\/wp-content\/uploads\/2024\/06\/file-1-100x100.png 100w\" sizes=\"(max-width: 1024px) 100vw, 1024px\" \/>                \t\t\t<\/div>\n\t<div class=\"mkdf-iwt-content\" style=\"padding-top: px\">\n        \t\t\t\t\t<h4 class=\"mkdf-iwt-title\" style=\"margin-top: -3px\">\n\t\t\t\t\t\t\t\t<span class=\"mkdf-iwt-title-text\">Restauraci\u00f3n de equipos<\/span>\n\t\t\t\t\t\t\t<\/h4>\n\t\t\t\t\t\t\t<p class=\"mkdf-iwt-text\" style=\"margin-top: 13px\">Revitalice sus equipos antiguos o da\u00f1ados con nuestros servicios de restauraci\u00f3n en Makitec. Mejoramos la eficiencia y confiabilidad de su maquinaria. Cont\u00e1ctenos para detalles.<\/p>\n\t\t\t<\/div>\n<\/div>\t\t<\/div>\n\t\t\t\t<\/div>\n\t\t\t\t\t<\/div>\n\t\t<\/div>\n\t\t\t\t<div class=\"elementor-column elementor-col-33 elementor-top-column elementor-element elementor-element-c960211\" data-id=\"c960211\" data-element_type=\"column\" data-settings=\"{&quot;background_background&quot;:&quot;classic&quot;}\">\n\t\t\t<div class=\"elementor-widget-wrap elementor-element-populated\">\n\t\t\t\t\t\t<div class=\"elementor-element elementor-element-debccae elementor-widget elementor-widget-mkdf_icon_with_text\" data-id=\"debccae\" data-element_type=\"widget\" data-widget_type=\"mkdf_icon_with_text.default\">\n\t\t\t\t<div class=\"elementor-widget-container\">\n\t\t\t<div class=\"mkdf-iwt clearfix  mkdf-iwt-icon-top-centered  mkdf-iwt-icon-medium\" >\n\t<div class=\"mkdf-iwt-icon\">\n\t\t\t\t\t\t\t\t\t<img decoding=\"async\" width=\"1024\" height=\"1024\" src=\"https:\/\/makitec.cl\/wp-content\/uploads\/2024\/06\/file-3.png\" class=\"attachment-full size-full\" alt=\"\" srcset=\"https:\/\/makitec.cl\/wp-content\/uploads\/2024\/06\/file-3.png 1024w, https:\/\/makitec.cl\/wp-content\/uploads\/2024\/06\/file-3-300x300.png 300w, https:\/\/makitec.cl\/wp-content\/uploads\/2024\/06\/file-3-150x150.png 150w, https:\/\/makitec.cl\/wp-content\/uploads\/2024\/06\/file-3-768x768.png 768w, https:\/\/makitec.cl\/wp-content\/uploads\/2024\/06\/file-3-650x650.png 650w, https:\/\/makitec.cl\/wp-content\/uploads\/2024\/06\/file-3-600x600.png 600w, https:\/\/makitec.cl\/wp-content\/uploads\/2024\/06\/file-3-100x100.png 100w\" sizes=\"(max-width: 1024px) 100vw, 1024px\" \/>                \t\t\t<\/div>\n\t<div class=\"mkdf-iwt-content\" style=\"padding-top: px\">\n        \t\t\t\t\t<h4 class=\"mkdf-iwt-title\" style=\"margin-top: -3px\">\n\t\t\t\t\t\t\t\t<span class=\"mkdf-iwt-title-text\">Asesoria tecnica<\/span>\n\t\t\t\t\t\t\t<\/h4>\n\t\t\t\t\t\t\t<p class=\"mkdf-iwt-text\" style=\"margin-top: 13px\">Optimice el uso y mantenimiento de sus equipos con la asesor\u00eda t\u00e9cnica especializada de Makitec. Mejore la eficiencia y seguridad operativa de su maquinaria.<\/p>\n\t\t\t<\/div>\n<\/div>\t\t<\/div>\n\t\t\t\t<\/div>\n\t\t\t\t\t<\/div>\n\t\t<\/div>\n\t\t\t\t\t<\/div>\n\t\t<\/section>\n\t\t\t\t<section class=\"elementor-section elementor-top-section elementor-element elementor-element-4f704a1 elementor-section-full_width elementor-section-height-default elementor-section-height-default mkdf-parallax-row-no mkdf-content-aligment-left mkdf-elementor-row-grid-no mkdf-disabled-bg-image-bellow-no mkdf-row-btt-light\" data-id=\"4f704a1\" data-element_type=\"section\" data-settings=\"{&quot;background_background&quot;:&quot;classic&quot;}\">\n\t\t\t\t\t\t<div class=\"elementor-container elementor-column-gap-default\">\n\t\t\t\t\t<div class=\"elementor-column elementor-col-33 elementor-top-column elementor-element elementor-element-db03937\" data-id=\"db03937\" data-element_type=\"column\" data-settings=\"{&quot;background_background&quot;:&quot;classic&quot;}\">\n\t\t\t<div class=\"elementor-widget-wrap elementor-element-populated\">\n\t\t\t\t\t\t<div class=\"elementor-element elementor-element-99b0681 elementor-widget elementor-widget-mkdf_icon_with_text\" data-id=\"99b0681\" data-element_type=\"widget\" data-widget_type=\"mkdf_icon_with_text.default\">\n\t\t\t\t<div class=\"elementor-widget-container\">\n\t\t\t<div class=\"mkdf-iwt clearfix  mkdf-iwt-icon-top-centered  mkdf-iwt-icon-medium\" >\n\t<div class=\"mkdf-iwt-icon\">\n\t\t\t\t\t\t\t\t\t<img loading=\"lazy\" decoding=\"async\" width=\"1024\" height=\"1024\" src=\"https:\/\/makitec.cl\/wp-content\/uploads\/2024\/06\/file-4.png\" class=\"attachment-full size-full\" alt=\"\" srcset=\"https:\/\/makitec.cl\/wp-content\/uploads\/2024\/06\/file-4.png 1024w, https:\/\/makitec.cl\/wp-content\/uploads\/2024\/06\/file-4-300x300.png 300w, https:\/\/makitec.cl\/wp-content\/uploads\/2024\/06\/file-4-150x150.png 150w, https:\/\/makitec.cl\/wp-content\/uploads\/2024\/06\/file-4-768x768.png 768w, https:\/\/makitec.cl\/wp-content\/uploads\/2024\/06\/file-4-650x650.png 650w, https:\/\/makitec.cl\/wp-content\/uploads\/2024\/06\/file-4-600x600.png 600w, https:\/\/makitec.cl\/wp-content\/uploads\/2024\/06\/file-4-100x100.png 100w\" sizes=\"(max-width: 1024px) 100vw, 1024px\" \/>                \t\t\t<\/div>\n\t<div class=\"mkdf-iwt-content\" style=\"padding-top: px\">\n        \t\t\t\t\t<h4 class=\"mkdf-iwt-title\" style=\"margin-top: -3px\">\n\t\t\t\t\t\t\t\t<span class=\"mkdf-iwt-title-text\">Capacitacion para operadores<\/span>\n\t\t\t\t\t\t\t<\/h4>\n\t\t\t\t\t\t\t<p class=\"mkdf-iwt-text\" style=\"margin-top: 13px\">Capacitaci\u00f3n personalizada para operadores de equipos industriales en Makitec. Mejore las habilidades de su personal y aumente la productividad con nuestros programas de formaci\u00f3n.<\/p>\n\t\t\t<\/div>\n<\/div>\t\t<\/div>\n\t\t\t\t<\/div>\n\t\t\t\t\t<\/div>\n\t\t<\/div>\n\t\t\t\t<div class=\"elementor-column elementor-col-33 elementor-top-column elementor-element elementor-element-d800bb3\" data-id=\"d800bb3\" data-element_type=\"column\" data-settings=\"{&quot;background_background&quot;:&quot;classic&quot;}\">\n\t\t\t<div class=\"elementor-widget-wrap elementor-element-populated\">\n\t\t\t\t\t\t<div class=\"elementor-element elementor-element-2f948ed elementor-widget elementor-widget-mkdf_icon_with_text\" data-id=\"2f948ed\" data-element_type=\"widget\" data-widget_type=\"mkdf_icon_with_text.default\">\n\t\t\t\t<div class=\"elementor-widget-container\">\n\t\t\t<div class=\"mkdf-iwt clearfix  mkdf-iwt-icon-top-centered  mkdf-iwt-icon-medium\" >\n\t<div class=\"mkdf-iwt-icon\">\n\t\t\t\t\t\t\t\t\t<img loading=\"lazy\" decoding=\"async\" width=\"1024\" height=\"1024\" src=\"https:\/\/makitec.cl\/wp-content\/uploads\/2024\/06\/file-5.png\" class=\"attachment-full size-full\" alt=\"\" srcset=\"https:\/\/makitec.cl\/wp-content\/uploads\/2024\/06\/file-5.png 1024w, https:\/\/makitec.cl\/wp-content\/uploads\/2024\/06\/file-5-300x300.png 300w, https:\/\/makitec.cl\/wp-content\/uploads\/2024\/06\/file-5-150x150.png 150w, https:\/\/makitec.cl\/wp-content\/uploads\/2024\/06\/file-5-768x768.png 768w, https:\/\/makitec.cl\/wp-content\/uploads\/2024\/06\/file-5-650x650.png 650w, https:\/\/makitec.cl\/wp-content\/uploads\/2024\/06\/file-5-600x600.png 600w, https:\/\/makitec.cl\/wp-content\/uploads\/2024\/06\/file-5-100x100.png 100w\" sizes=\"(max-width: 1024px) 100vw, 1024px\" \/>                \t\t\t<\/div>\n\t<div class=\"mkdf-iwt-content\" style=\"padding-top: px\">\n        \t\t\t\t\t<h4 class=\"mkdf-iwt-title\" style=\"margin-top: -3px\">\n\t\t\t\t\t\t\t\t<span class=\"mkdf-iwt-title-text\">REPARACI\u00d3N Y REACONDICIONAMIENTO<\/span>\n\t\t\t\t\t\t\t<\/h4>\n\t\t\t\t\t\t\t<p class=\"mkdf-iwt-text\" style=\"margin-top: 13px\">Servicios de reparaci\u00f3n y reacondicionamiento de equipos industriales y oleohidr\u00e1ulicos en Makitec. Minimize el tiempo de inactividad con nuestras soluciones de alta calidad. Solicite su servicio hoy.<\/p>\n\t\t\t<\/div>\n<\/div>\t\t<\/div>\n\t\t\t\t<\/div>\n\t\t\t\t\t<\/div>\n\t\t<\/div>\n\t\t\t\t<div class=\"elementor-column elementor-col-33 elementor-top-column elementor-element elementor-element-0b6909f\" data-id=\"0b6909f\" data-element_type=\"column\" data-settings=\"{&quot;background_background&quot;:&quot;classic&quot;}\">\n\t\t\t<div class=\"elementor-widget-wrap elementor-element-populated\">\n\t\t\t\t\t\t<div class=\"elementor-element elementor-element-450358c elementor-widget elementor-widget-mkdf_icon_with_text\" data-id=\"450358c\" data-element_type=\"widget\" data-widget_type=\"mkdf_icon_with_text.default\">\n\t\t\t\t<div class=\"elementor-widget-container\">\n\t\t\t<div class=\"mkdf-iwt clearfix  mkdf-iwt-icon-top-centered  mkdf-iwt-icon-medium\" >\n\t<div class=\"mkdf-iwt-icon\">\n\t\t\t\t\t\t\t\t\t<img loading=\"lazy\" decoding=\"async\" width=\"1024\" height=\"1024\" src=\"https:\/\/makitec.cl\/wp-content\/uploads\/2024\/06\/file-6.png\" class=\"attachment-full size-full\" alt=\"\" srcset=\"https:\/\/makitec.cl\/wp-content\/uploads\/2024\/06\/file-6.png 1024w, https:\/\/makitec.cl\/wp-content\/uploads\/2024\/06\/file-6-300x300.png 300w, https:\/\/makitec.cl\/wp-content\/uploads\/2024\/06\/file-6-150x150.png 150w, https:\/\/makitec.cl\/wp-content\/uploads\/2024\/06\/file-6-768x768.png 768w, https:\/\/makitec.cl\/wp-content\/uploads\/2024\/06\/file-6-650x650.png 650w, https:\/\/makitec.cl\/wp-content\/uploads\/2024\/06\/file-6-600x600.png 600w, https:\/\/makitec.cl\/wp-content\/uploads\/2024\/06\/file-6-100x100.png 100w\" sizes=\"(max-width: 1024px) 100vw, 1024px\" \/>                \t\t\t<\/div>\n\t<div class=\"mkdf-iwt-content\" style=\"padding-top: px\">\n        \t\t\t\t\t<h4 class=\"mkdf-iwt-title\" style=\"margin-top: -3px\">\n\t\t\t\t\t\t\t\t<span class=\"mkdf-iwt-title-text\">MANTENIMIENTO PREVENTIVO<\/span>\n\t\t\t\t\t\t\t<\/h4>\n\t\t\t\t\t\t\t<p class=\"mkdf-iwt-text\" style=\"margin-top: 13px\">Asegure el rendimiento \u00f3ptimo de sus equipos con nuestro servicio de mantenimiento preventivo. Inspecciones detalladas y ajustes para prolongar la vida \u00fatil de su maquinaria. Contacte a Makitec para m\u00e1s informaci\u00f3n.<\/p>\n\t\t\t<\/div>\n<\/div>\t\t<\/div>\n\t\t\t\t<\/div>\n\t\t\t\t\t<\/div>\n\t\t<\/div>\n\t\t\t\t\t<\/div>\n\t\t<\/section>\n\t\t\t\t<section class=\"elementor-section elementor-top-section elementor-element elementor-element-9441936 elementor-section-full_width elementor-hidden-mobile elementor-section-height-default elementor-section-height-default mkdf-parallax-row-no mkdf-content-aligment-left mkdf-elementor-row-grid-no mkdf-disabled-bg-image-bellow-no mkdf-row-btt-light\" data-id=\"9441936\" data-element_type=\"section\" data-settings=\"{&quot;background_background&quot;:&quot;video&quot;,&quot;background_video_link&quot;:&quot;https:\\\/\\\/makitec.cl\\\/wp-content\\\/uploads\\\/2024\\\/02\\\/MAKITEC.mp4&quot;}\">\n\t\t\t\t\t\t\t\t<div class=\"elementor-background-video-container elementor-hidden-phone\">\n\t\t\t\t\t\t\t\t\t\t\t\t\t<video class=\"elementor-background-video-hosted elementor-html5-video\" autoplay muted playsinline loop><\/video>\n\t\t\t\t\t\t\t\t\t\t\t<\/div>\n\t\t\t\t\t\t\t\t<div class=\"elementor-container elementor-column-gap-default\">\n\t\t\t\t\t<div class=\"elementor-column elementor-col-100 elementor-top-column elementor-element elementor-element-9e4ca09\" data-id=\"9e4ca09\" data-element_type=\"column\">\n\t\t\t<div class=\"elementor-widget-wrap elementor-element-populated\">\n\t\t\t\t<div class=\"mkdf-elementor-row\" style=\"\">\t\t<section class=\"elementor-section elementor-inner-section elementor-element elementor-element-66e0e6d3 mkdf-elementor-row-grid-section elementor-hidden-desktop elementor-hidden-tablet elementor-hidden-mobile elementor-section-boxed elementor-section-height-default elementor-section-height-default mkdf-parallax-row-no mkdf-content-aligment-left mkdf-disabled-bg-image-bellow-no mkdf-row-btt-light\" data-id=\"66e0e6d3\" data-element_type=\"section\">\n\t\t\t\t\t\t<div class=\"elementor-container elementor-column-gap-default\">\n\t\t\t\t\t<div class=\"elementor-column elementor-col-100 elementor-inner-column elementor-element elementor-element-740dbdaf\" data-id=\"740dbdaf\" data-element_type=\"column\">\n\t\t\t<div class=\"elementor-widget-wrap elementor-element-populated\">\n\t\t\t\t\t\t<div class=\"elementor-element elementor-element-7af8d231 elementor-widget elementor-widget-text-editor\" data-id=\"7af8d231\" data-element_type=\"widget\" data-widget_type=\"text-editor.default\">\n\t\t\t\t<div class=\"elementor-widget-container\">\n\t\t\t\t\t\t\t<h1 style=\"color: #fff;\">Services<\/h1>\t\t\t\t\t\t<\/div>\n\t\t\t\t<\/div>\n\t\t\t\t<div class=\"elementor-element elementor-element-b7ee2bc elementor-widget elementor-widget-mkdf_video_button\" data-id=\"b7ee2bc\" data-element_type=\"widget\" data-widget_type=\"mkdf_video_button.default\">\n\t\t\t\t<div class=\"elementor-widget-container\">\n\t\t\t<div class=\"mkdf-video-button-holder  \">\n\t<div class=\"mkdf-video-button-image\">\n\t\t\t<\/div>\n\t\t\t<span class=\"mkdf-video-button-text\">Watch the Video<\/span>\n\t\t<a class=\"mkdf-video-button-play\" style=\"height: 64px;width: 64px\" href=\"https:\/\/vimeo.com\/34741214?_ga=2.132830158.1753638138.1586713214-1810728891.1586713214\" data-rel=\"prettyPhoto[video_button_pretty_photo_173]\">\n\t\t\t<span class=\"mkdf-video-button-play-inner\">\n\t\t\t\t<svg x=\"0px\" y=\"0px\" width=\"15px\" height=\"15px\" viewBox=\"0 0 15 15\" style=\"enable-background:new 0 0 15 15;\" xml:space=\"preserve\">\n                    <polygon points=\"0,15 0,0 15,7.5 \"\/>\n                <\/svg>\n\t\t\t<\/span>\n\t\t<\/a>\n\t<\/div>\t\t<\/div>\n\t\t\t\t<\/div>\n\t\t\t\t\t<\/div>\n\t\t<\/div>\n\t\t\t\t\t<\/div>\n\t\t<\/section>\n\t\t<div class=\"mkdf-row-background-text-holder mkdf-row-background-text-front\"><div class=\"mkdf-row-background-text-wrapper mkdf-row-background-text-animation mkdf-row-background-text-align-left\"><div class=\"mkdf-row-background-text-wrapper-inner\" style=\"font-size:180px;color:#FFFFFF;-webkit-text-stroke-color:#FFFFFF;text-align:left;vertical-align:top;padding-left:214px\" data-font-size-1440=145px data-font-size-1280=145px data-padding-size-1440=27px data-padding-size-1280=17px data-padding-left-size-1440=4.3% data-padding-left-size-1280=4.3%><div class=\"mkdf-row-background-text-1\">Makitec<\/div><\/div><\/div><\/div><\/div>\t\t\t<\/div>\n\t\t<\/div>\n\t\t\t\t\t<\/div>\n\t\t<\/section>\n\t\t\t\t<\/div>\n\t\t","protected":false},"excerpt":{"rendered":"<p>Servicio T?cnico Mantenimiento y reparaci?n de equipos de alta calidad Explora el Servicio t?cnico de Makitec ?Que Ofrecemos? Diagn?stico y Soluci?n dentificaci?n y resoluci?n r?pida de problemas en sus equipos con nuestros servicios de diagn?stico t?cnico. Mantenga sus operaciones sin [&hellip;]<\/p>\n","protected":false},"author":1,"featured_media":0,"parent":0,"menu_order":0,"comment_status":"closed","ping_status":"closed","template":"full-width.php","meta":{"footnotes":""},"class_list":["post-850","page","type-page","status-publish","hentry"],"_links":{"self":[{"href":"https:\/\/makitec.cl\/index.php\/wp-json\/wp\/v2\/pages\/850","targetHints":{"allow":["GET"]}}],"collection":[{"href":"https:\/\/makitec.cl\/index.php\/wp-json\/wp\/v2\/pages"}],"about":[{"href":"https:\/\/makitec.cl\/index.php\/wp-json\/wp\/v2\/types\/page"}],"author":[{"embeddable":true,"href":"https:\/\/makitec.cl\/index.php\/wp-json\/wp\/v2\/users\/1"}],"replies":[{"embeddable":true,"href":"https:\/\/makitec.cl\/index.php\/wp-json\/wp\/v2\/comments?post=850"}],"version-history":[{"count":22,"href":"https:\/\/makitec.cl\/index.php\/wp-json\/wp\/v2\/pages\/850\/revisions"}],"predecessor-version":[{"id":9805,"href":"https:\/\/makitec.cl\/index.php\/wp-json\/wp\/v2\/pages\/850\/revisions\/9805"}],"wp:attachment":[{"href":"https:\/\/makitec.cl\/index.php\/wp-json\/wp\/v2\/media?parent=850"}],"curies":[{"name":"wp","href":"https:\/\/api.w.org\/{rel}","templated":true}]}}